 factor of g and q?
3
Let o be (85/(-4))/(-6 - 438/(-72)). Let m = o + 612. What is the highest common factor of 51 and m?
51
Let x(w) = 43*w**2 + 216*w - 422. Let z be x(2). Calculate the highest common divisor of 27118 and z.
182
Let i = -82 - -79. Let p be 3*(i + 68/3). Suppose 0 = -7*c + p + 333. What is the highest common factor of 140 and c?
28
Let h = 379 - 66. Suppose 0 = -4*n + n + 5*j - h, j - 507 = 5*n. Let g = n + 110. What is the greatest common divisor of 72 and g?
9
Let t be 747/153 - 4/(-34). Let l = 14 - t. Let p(o) = -o**3 - 16*o**2 - 4*o - 19. Let c be p(-16). Calculate the highest common divisor of c and l.
9
Let q = 98 + -84. Suppose -4*a = 5*n + 2 + q, 2*n - 2*a - 8 = 0. Suppose 4 = 3*v - 2*h - 38, -2*h - 6 = n. What is the greatest common factor of 1 and v?
1
Let j = 2352 + -1902. Calculate the greatest common divisor of 630 and j.
90
Suppose -50 = -0*l - 10*l. Suppose 97 - 7 = l*t. Calculate the greatest common factor of 27 and t.
9
Let k(i) = 3*i**3 + 24*i**2 + 3. Let q be k(-8). Suppose -4*u - h + 160 = h, -q*u - 4*h + 125 = 0. What is the greatest common factor of 26 and u?
13
Let o = -28 - 491. Let s = -507 - o. What is the greatest common factor of s and 264?
12
Suppose -2*s = 4*j + 132, 3*j - s + 145 = 41. Let n be (j/102)/((-1)/3). What is the highest common divisor of n and 27?
1
Suppose 110*n - 502*n + 823200 = 0. Calculate the greatest common factor of 50 and n.
50
Let j = 117 - 117. Suppose -3*z - 3*w + 150 = j, -2*z - 150 = -5*z + w. Suppose 10 = -2*f + 3*f. What is the highest common factor of f and z?
10
Let l = 10791 - 10716. Calculate the highest common factor of l and 650.
25
Let s = 3551 - 3101. Calculate the highest common divisor of 18 and s.
18
Suppose 14 = 3*o + 2*l, -o + 4*l = -2 + 16. Suppose 0 = -27*h + 19*h + 4144. Suppose 21*n + 182 = h. Calculate the greatest common factor of n and o.
2
Suppose -636 = -4*x - 5*w, 5*w + 180 = x + w. Suppose x*c = 161*c + 102. What is the highest common divisor of 459 and c?
17
Let w be ((-10950)/35)/((-26)/1274). What is the greatest common factor of 10 and w?
10
Suppose -4*d = d - 165. Let l = 1157 - 1155. Suppose 3*b + 465 = l*x, 9*x = 13*x + 3*b - 921. Calculate the highest common divisor of d and x.
33
Let m = -158 - -228. Let h(s) = -s**2 - 17*s + 4. Let o be h(6). Let w = o - -148. Calculate the highest common factor of w and m.
14
Let p be (-1 + 1 - (-825)/22) + (-96)/64. Calculate the greatest common factor of p and 244.
4
Let g(k) = 41*k**2 + 2*k + 6. Let u be g(-3). Suppose 3*v + 220 = 5*t, 56 = t - 35*v + 32*v. Calculate the highest common divisor of t and u.
41
Let s = -9302 - -9542. Calculate the greatest common factor of 45 and s.
15
Suppose 8*r = 118 - 46. Suppose 0 = -2*x - i + 383, r*x - 4*i - 964 = 4*x. Calculate the greatest common divisor of x and 64.
64
Let n(z) = -2*z**2 + 64*z + 77. Let f be n(33). Suppose -15 = -3*o, f*x - 9*x - 636 = 2*o. What is the greatest common divisor of 19 and x?
19
Let q be ((6 + -47)*8)/(((-54)/21)/9). What is the highest common divisor of 28 and q?
28
Let s(b) = b**2 - 55*b - 647. Let l be s(65). What is the highest common divisor of 197 and l?
1
Suppose -2*i + 137 = -l, 4*l - 182 = -3*i + 29. Let a(z) = z**2 - 17*z + 131. Let o be a(16). What is the highest common factor of o and i?
23
Suppose -z + 1586 = 6*q - 7*q, 3*z + 2*q = 4788. Calculate the highest common factor of 16 and z.
8
Let x(p) = 28*p**3 - p**2 + p - 1. Let d be x(1). Let m = 1537 + -1519. What is the highest common factor of d and m?
9
Let p(b) = b**2 - b - 4. Let m be p(-8). Let c = 120311 + -118883. What is the greatest common divisor of m and c?
68
Suppose 48*r - 45*r + 588 = 3*p, 11*p - r = 1996. Suppose 0 = -5*a - 5*j - 35 + 130, -2*a = j - 37. Calculate the greatest common factor of p and a.
18
Let k(z) = 36*z - 90. Let n be k(5). Let y be 36/n + (-1)/((-5)/73). Calculate the greatest common factor of y and 3.
3
Let n = 47 - 38. Let k be 1*n/45*(0 + 85). What is the highest common factor of 68 and k?
17
Suppose -8 = 5*m - 3*m. Let k be m/(-6) + (-112)/(-3). Suppose 2*p - 44*t + 42*t = 94, 5*t + 64 = 2*p. Calculate the greatest common divisor of k and p.
19
Let s be ((-3 - 4) + 3617)*(-3 + (-13)/(-2)). What is the greatest common factor of s and 70?
35
Let t = -1484 - -1487. What is the highest common factor of t and 591?
3
Let j(b) = b**2 - 12*b + 37. Let z be j(8). Suppose z*v - 91 = 104. Calculate the highest common divisor of 3 and v.
3
Let q(f) = -f**3 + 20*f**2 - 30*f + 18. Let o be q(18). Let j be 8/(-10)*30/(-12). Let x = 16 - j. What is the highest common factor of x and o?
14
Let f = 20 + -1. Suppose f*x = 12*x + 28. Let y be (-88)/2*((-10)/x)/1. What is the highest common divisor of y and 44?
22
Suppose 14*p - 51*p + 5049 = -20*p. Calculate the greatest common factor of p and 605.
11
Let w(g) = 4*g**2 + 58*g - 340. Let n be w(33). What is the highest common factor of 5 and n?
5
Suppose -5*m = 261*v - 257*v - 1230, -3*m - 1593 = -5*v. Calculate the highest common factor of v and 1065.
15
Let d = 119 + -164. Let g be (-226)/(-4) - -2 - d/(-30). Calculate the greatest common factor of g and 19.
19
Suppose 0 = 3*d + 2*d + 4*w - 202, w = 3*d - 128. Suppose 12972 = 18*s - 29*s + 183*s - 78*s. What is the greatest common factor of d and s?
6
Let j be (-78)/(-48)*2*72. Let h be (-1)/((-20)/16) - 776/(-5). What is the greatest common factor of j and h?
78
Suppose 5*f - 4 - 15 = 3*g, 2*f - 4 = 0. Let b be 32 + 0/g*2/4. Calculate the greatest common divisor of 352 and b.
32
Suppose -5*d + 169 = -41. Suppose 3*u + 50 - 707 = -4*w, -4*w - 4*u + 652 = 0. What is the greatest common factor of d and w?
42
Let n be -2 - 2*(-12)/8. Suppose -5*l + 15 = -5*m, m - n + 2 = 0. Suppose v + 2*s = 18, -5*v + 54 = -l*s - 0*s. What is the greatest common divisor of 3 and v?
3
Suppose 3*o = 5*l + 2*o - 840, 3*l - 2*o = 497. Let q(s) = -15*s + 2075. Let n be q(134). What is the greatest common divisor of n and l?
13
Let l(b) = -b**3 + 8*b**2 + 3*b - 19. Let o be l(8). Suppose o*g = -u - 2, 0 = -2*u + 2*g - 0*g + 32. What is the highest common divisor of 221 and u?
13
Let v(w) = -32*w**3 + w**2 + 27*w - 6. Let a be v(-4). Calculate the greatest common factor of 2145 and a.
195
Suppose -3*c + 37*b + 9712 = 42*b, 0 = -c - 2*b + 3240. What is the highest common factor of c and 65?
13
Let o be 0 - -165 - (-7 - (6 + -13)). Suppose -132*g + 1140 = -94*g. Calculate the highest common factor of o and g.
15
Suppose 4*t + t - 310 = 0. Let d(y) = 67*y**3 + 12*y**2 - 14*y + 2. Let p be d(2). Calculate the highest common divisor of p and t.
62
Let b be 20*(2 + 40/(-90) + 148/90). Calculate the greatest common factor of 1472 and b.
64
Suppose 3*s - 30 = 12. Let y = 36 + s. Suppose -3*k = -5*z + 38, 2*z - 2*k = -0*z + 12. Calculate the greatest common factor of y and z.
10
Suppose 3177 = 4*d - 4*i - 47, -3*i + 2442 = 3*d. What is the highest common divisor of 4320 and d?
270
Suppose 5*o + 275 = -5*o + 2595. Calculate the greatest common factor of o and 1885.
29
Let n(h) = h**3 + 22*h**2 + 57*h + 12. Let b be n(-19). Suppose 0 = 3*z - 2*z + 2. Let c be (-2)/(z*4/48). Calculate the highest common divisor of b and c.
12
Suppose 0 = 4*j + 2*v - 258, 2*j - 4*v + 745 - 899 = 0. Calculate the highest common divisor of 4824 and j.
67
Suppose 5*l - 57 = -0*s + s, -2*s + 29 = 3*l. What is the highest common factor of 2981 and l?
11
Let s(d) = -2*d**3 + 3*d**2 + 4*d + 1470. Let w be s(0). Suppose -93*h + w = -23*h. Let g = 19 + -12. What is the greatest common factor of g and h?
7
Suppose p + 4*d = 544, 5*p - 571*d - 2605 = -568*d. Calculate the highest common factor of 12 and p.
4
Let y(r) = r**2 - 17*r. Let x be y(17). Let k be ((-1 - x) + (-52)/8)*-24. Let p = 58 - 38. Calculate the highest common divisor of p and k.
20
Let v(d) = -d - 2. Let m be v(-4). Suppose -3 - 69 = -m*o. Suppose -24*f - 56 = -63*f + 412. Calculate the highest common factor of f and o.
12
Let s be ((-7)/56*-4)/((-2)/(-2848)). What is the highest common divisor of s and 267?
89
Let l be 26/6 - 1/3. Suppose 2*g + l*b = 84, 4*g - b - 105 = g. Suppose 20678*v = 20706*v - 336. Calculate the highest common factor of v and g.
12
Let q be (-5 + -1)*(-2)/4. Suppose 0 = -2*y + q*x + 4 + 20, -22 = -y - x. Let p =